culate the highest common divisor of f and 203.
29
Let k(g) = 5*g + 12. Let q be k(3). Suppose -4*z = 2*m - 7*m - q, -4*m = z - 12. What is the greatest common divisor of 16 and z?
8
Let m be (-17 + 1 + -4)/(-2) + 4. What is the highest common divisor of m and 12?
2
Suppose 115 = 19*c + 20. Calculate the highest common factor of c and 15.
5
Suppose -3*o = 2*o - 35. Suppose 0*y - y - 15 = 0. Let u = y + 50. Calculate the greatest common factor of o and u.
7
Let p = 1806 - 843. What is the highest common factor of 214 and p?
107
Let m(t) = -t + 5. Let f be m(5). Suppose 5*n + 2437 - 17 = f. Let a be (-14)/21 + n/(-6). Calculate the greatest common factor of a and 8.
8
Let q(v) = -2*v - 5 + 1 - 2*v + 8*v. Let o be q(11). Let y be (-2)/(-1) - (-6 - o). Calculate the highest common factor of y and 6.
6
Let r = -20 - -20. Suppose r*j + 2*j = -38. Let k = j + 23. What is the greatest common factor of 20 and k?
4
Let n = -262 - -310. Calculate the highest common factor of 192 and n.
48
Suppose 0 = -57*l + 62*l + c - 4138, -5*c = -4*l + 3322. What is the greatest common divisor of l and 18?
18
Let p be 20/10 - 1/(-1). Suppose p*i + 40 = -5. Let j be 20/3*(-72)/i. Calculate the highest common divisor of 16 and j.
16
Let z = -1421 + 1853. Calculate the greatest common factor of 27 and z.
27
Let s(q) = q**2 + 10*q + 27. Let k be s(-6). What is the greatest common factor of k and 72?
3
Let w be (2 + 0)*10/(-4). Let x be w/(7/(-6) - (-4)/6). Let a(k) = -k**3 + 8*k**2 - 8*k + 6. Let u be a(6). Calculate the greatest common divisor of x and u.
10
Let f be 8/14 - 1/((-14)/(-442)). Let h = 40 + f. Calculate the greatest common divisor of 63 and h.
9
Let m be 63/36*6/21*56. Let l be -1 + 3 - 1*8/(-4). What is the highest common factor of l and m?
4
Let p(m) = 13*m + 15*m**2 - 6*m - 8*m + 2. Let i(l) = 2*l**2 + l - 1. Let n be i(1). Let b be p(n). Calculate the greatest common divisor of b and 24.
12
Let q = -1085 - -1180. What is the greatest common divisor of q and 20?
5
Suppose 126 = 2*t - 4*f, f = -2*t - 2*t + 216. What is the greatest common divisor of 385 and t?
55
Suppose 27 - 3 = 6*b. Suppose -3*t + 3*o = o - 30, -o = 5*t - 50. Calculate the highest common divisor of b and t.
2
Suppose 25*i - 98 = 702. Calculate the highest common divisor of 24 and i.
8
Suppose 0 = 5*p - 170 + 45. Let z = 86 + -76. What is the highest common factor of z and p?
5
Suppose -4*b = 3*n - 20 - 81, 4*b + 54 = 2*n. Calculate the greatest common factor of 589 and n.
31
Let a(v) = 308*v**2 - 4*v + 4. Let z be a(1). Suppose 0 = 8*h - 6*h - z. Let r be 5*(-1 + 5) - -2. Calculate the highest common factor of r and h.
22
Let h = -525 - -534. Suppose -3*x - l = 4*l + 173, 0 = -4*x - 5*l - 234. Let q be (-4)/(-14) + x/(-7). Calculate the highest common factor of h and q.
9
Let g be (-4)/5*20/(-8). Let x be (-1 - -1) + 12/g. Let y(a) = 48*a. Let h be y(1). What is the highest common factor of x and h?
6
Let d(n) = -12*n**2 - 43*n - n**3 + 68*n - 19 + 3*n**2 - 17*n**2. Let q be d(-27). What is the highest common divisor of q and 7?
7
Let t(w) = -w**3 + 7*w**2 - 5*w + 6. Let l be t(6). Suppose 4*r + 5*f - 72 = 0, -54 + 36 = -r - 2*f. What is the greatest common divisor of l and r?
6
Suppose -3*q + 2*l = 0, 5*q = l - 6*l. Suppose q = -5*k + 61 - 1. Suppose 2*w = 94 - 46. Calculate the greatest common divisor of w and k.
12
Suppose -727 = -23*g + 860. What is the greatest common divisor of g and 115?
23
Suppose 1223 = 7*s + 1027. Calculate the greatest common factor of 4 and s.
4
Let d(r) = 9*r - 56. Let l be d(16). Suppose 3*f = -55 + l. Let q(o) = -o**2 + 9*o - 7. Let p be q(6). Calculate the greatest common factor of f and p.
11
Suppose 55 = 5*k + 2*a, a + 29 = 3*k + 3*a. Let v = -247 - -416. Calculate the highest common factor of k and v.
13
Suppose -75 = 41*x - 44*x. Let t be x - -6*2/(-4). What is the greatest common divisor of t and 110?
22
Suppose -3 = 3*n, -m - 4*n = -9*n - 124. What is the greatest common divisor of m and 34?
17
Suppose -2*b - 4*q = -0*b - 54, 0 = -4*b + 2*q + 158. Let a be (-111)/((-12)/64*2). What is the greatest common factor of b and a?
37
Let s be 4*9/12 + 92 + -2. Suppose -4*o - 25 = o, -3*j + s = 3*o. Calculate the highest common factor of 9 and j.
9
Suppose y - 4*y + 27 = 0. Suppose -a + 12 = 18. Let r be ((-12)/10)/((-3)/((-135)/a)). What is the highest common factor of r and y?
9
Suppose 448 = 402*v - 400*v. Suppose l = -2*l + 18. Suppose -m + l*m - 160 = 0. Calculate the greatest common factor of v and m.
32
Let l be 51*((-40)/(-6))/(-5). Suppose 0 = -4*i + 186 + 198. Let j = l + i. Calculate the highest common factor of j and 14.
14
Suppose n = 2*n - 74. Suppose 69*r + 5 = n*r. Calculate the highest common factor of 5 and r.
1
Let m = -157 - -181. Calculate the greatest common divisor of m and 40.
8
Suppose 0 = 2*w - 12 + 16. Let g be (-2 + w)*36/(-8). Let o = g + 107. What is the greatest common factor of o and 25?
25
Let y = -76 + 76. Suppose y = -k - 5 + 9. Calculate the greatest common factor of k and 36.
4
Let u(w) be the third derivative of 5*w**4/12 - 9*w**3/2 - 13*w**2. Let i be u(3). What is the greatest common divisor of i and 3?
3
Let x be 27/((-3)/36*-2). Let a(z) = z**3 - 11*z**2 + 11*z + 8. Suppose 3*h = -h + 40. Let k be a(h). What is the greatest common divisor of k and x?
18
Let y(c) = c - 3*c**2 + 2*c**2 - 18*c. Suppose 3*d = -9, -6*f + 4*f - 39 = 5*d. Let t be y(f). Calculate the greatest common divisor of t and 90.
30
Let i = 48 + 3. Calculate the greatest common divisor of i and 6.
3
Let j = -1106 + 1109. What is the greatest common factor of 13 and j?
1
Let f(w) = -13*w - 32. Let h = 84 + -100. Let x be f(h). What is the greatest common divisor of x and 16?
16
Suppose 177 - 23 = j. What is the highest common factor of j and 44?
22
Let s(u) = 12*u**2 + 8*u + 5. Let d be s(10). Suppose 0 = 5*k + d + 1055. Let a be k/45*(-5)/1. What is the greatest common divisor of a and 13?
13
Let s = -18 + 47. Let c = 40 - s. What is the highest common factor of c and 22?
11
Let p = -14 + 19. Suppose p*q - 10 = 4*y, 2*y - 6*q + 10 = -q. Suppose -5*o + 90 = -y*o. What is the greatest common divisor of 90 and o?
18
Suppose -15 = -v - 2*v. Suppose -3*y - 6 = 0, -v*y = -5*b + b + 110. Calculate the greatest common factor of b and 5.
5
Let v = 7 + -1. Suppose -p - 30 = -v*p. Let t be 98/6*p/2. Calculate the highest common factor of 7 and t.
7
Suppose 44*q - 5*q = 3588. What is the highest common divisor of 23 and q?
23
Let i(b) = b**2 - 16*b + 74. Let w be i(15). What is the highest common factor of 531 and w?
59
Suppose 2*w = a + 263, 2*w - 357 = -3*a - 106. What is the greatest common factor of 13 and w?
13
Suppose -i - 4*f = 42, 4*i - f = -0*f - 168. Let b = -36 - i. Let c be (b/4)/((-3)/(-6)). Calculate the greatest common divisor of 6 and c.
3
Let b(j) = 2*j - 9. Let v be b(6). Suppose 69 = -4*r - 5*p, -r - 3*p - 2 = 17. Let z be (-396)/r - v/(-12). What is the highest common divisor of z and 175?
25
Let v = -59 - -23. Let t = 42 + v. What is the highest common divisor of 30 and t?
6
Let i be -5*1 - (3 + -31). What is the highest common divisor of i and 506?
23
Suppose 46*x + 27467 = 107507. What is the greatest common factor of x and 120?
60
Suppose -34*w + 3300 = -22*w. Calculate the highest common factor of 22 and w.
11
Suppose 10*k - 768 = 7232. What is the highest common factor of 50 and k?
50
Suppose -4*z + 108 = -2*z + 5*p, z + 3*p - 52 = 0. Suppose -6*h = -3*h - 24. What is the greatest common factor of z and h?
8
Suppose 15 = 3*j + 126. Let i = 45 + j. What is the highest common factor of i and 1?
1
Let v be (-5 + -1)/(-2) - 561/(-33). Calculate the greatest common factor of v and 220.
20
Suppose 0 = 4*c + 4*n - 56, 2*c - 28 = n - 5*n. Suppose 18 = 16*y - 11*y + 2*v, -4*v + 26 = 5*y. What is the greatest common divisor of y and c?
2
Suppose -a + 18 + 18 = 0. What is the highest common divisor of 54 and a?
18
Let h = 13 + 72. What is the greatest common divisor of h and 10?
5
Let x be (4/10)/((-6)/19440*-12). Calculate the greatest common divisor of x and 12.
12
Suppose -p = -7*p - 36. Let i(q) = 3*q**2 - 8*q - 13. Let r be i(p). Calculate the greatest common divisor of r and 13.
13
Let q(r) = -20*r**2. Let z = -24 - -22. Let m be q(z).